6?
3343415
-2266072 (base 9) to base 16
-12b051
What is -24689 (base 16) in base 2?
-100100011010001001
-11101111111000011 (base 2) to base 3
-20020110212
Convert -46858 (base 11) to base 15.
-15056
16775327 (base 8) to base 14
744743
-111003032 (base 5) to base 10
-484767
Convert -4a690 (base 12) to base 5.
-11214241
Convert -10433444 (base 6) to base 14.
-830d6
What is -11022111102 (base 3) in base 9?
-138442
What is -20403853 (base 9) in base 8?
-45316331
Convert 132112110 (base 5) to base 15.
d098a
Convert -91074 (base 10) to base 11.
-62475
Convert -100111010002122 (base 3) to base 9.
-10433078
-37040711 (base 8) to base 15
-aacc70
111002202111 (base 3) to base 5
31223030
What is 110033030 (base 4) in base 15?
19862
What is 3952c (base 16) in base 5?
30003141
Convert 163466411 (base 7) to base 6.
1034455302
-30245 (base 10) to base 7
-154115
-b125 (base 13) to base 14
-8c47
What is 1871442 (base 9) in base 2?
100000000100011100011
Convert 28c308 (base 14) to base 10.
1416500
What is 8c737 (base 13) in base 9?
430244
What is 60708 (base 9) in base 13?
15245
What is 822b1a (base 14) in base 5?
2110341332
What is -21200532 (base 6) in base 11?
-39558a
Convert -8bc4c9 (base 13) to base 4.
-30220201220
-3167069 (base 10) to base 2
-1100000101001101011101
Convert 1360564 (base 12) to base 10.
3857692
Convert -11032b (base 16) to base 14.
-210455
-111214313 (base 6) to base 13
-55b372
What is -1531051 (base 6) in base 9?
-146004
Convert ee62f (base 16) to base 3.
1211121102010
What is -73353 (base 12) in base 5?
-14311311
110113022 (base 4) to base 13
2bc67
Convert -593124 (base 12) to base 11.
-8a0aa2
Convert -410ae8 (base 15) to base 10.
-3090593
What is d22c6 (base 14) in base 11?
315841
Convert -383558 (base 9) to base 5.
-24413110
-430a17 (base 11) to base 7
-5600532
1356e5 (base 15) to base 12
38a022
-1011111001111011111 (base 2) to base 9
-654116
Convert 3103440 (base 5) to base 3.
2120021012
What is 133303114 (base 5) in base 4?
2212122323
What is 563551 (base 11) in base 15?
12b005
-7c2c7 (base 13) to base 8
-672750
What is -1001013310 (base 4) in base 3?
-111112220021
What is 456631 (base 10) in base 2?
1101111011110110111
65216 (base 10) to base 13
238b8
Convert -8170a (base 11) to base 2.
-11101001000010100
3540462 (base 8) to base 3
1211010102102
Convert 440001 (base 6) to base 16.
8dc1
What is 2add45 (base 15) in base 8?
7716471
Convert 13436671 (base 8) to base 2.
1011100011110110111001
Convert 8da4 (base 16) to base 5.
2130020
What is -6ab083 (base 13) in base 10?
-2537642
-136012234 (base 7) to base 12
-2bb429a
Convert 2038d0 (base 14) to base 8.
4110276
Convert 40a558 (base 16) to base 5.
2041033012
Convert -282fd (base 16) to base 3.
-22100210111
184a8 (base 15) to base 16
1335b
What is -264122 (base 9) in base 3?
-22011010202
110077 (base 12) to base 3
111200220101
What is -6cafd (base 16) in base 5?
-103221211
Convert -10001211222011 (base 3) to base 14.
-306422
Convert -100001001101100010 (base 2) to base 7.
-1104413
-a808a2 (base 11) to base 4
-12212003032
What is 1b00100 (base 12) in base 4?
111311102100
Convert -21566157 (base 8) to base 10.
-4648047
What is -21b49e (base 15) in base 16?
-18877d
What is bb8 (base 14) in base 11?
1818
Convert 4110341 (base 6) to base 11.
124147
-10024443 (base 6) to base 7
-2260500
1525656 (base 7) to base 14
55dd6
-11867 (base 11) to base 9
-25303
Convert a99185 (base 12) to base 15.
3823cb
-125160000 (base 7) to base 4
-132220301301
101111110010111100010110 (base 2) to base 4
233302330112
Convert 10120101200 (base 4) to base 2.
100011000010001100000
What is 7e63d (base 15) in base 9?
673764
Convert 104d87 (base 16) to base 14.
1db51d
What is 122122301103 (base 4) in base 15?
91be80
Convert 4ad45 (base 15) to base 12.
b6548
What is -ab006 (base 13) in base 14?
-80c75
Convert -1747717 (base 9) to base 6.
-32533454
Convert -2e636 (base 16) to base 13.
-6863b
Convert 14701554 (base 9) to base 15.
999cc4
Convert 4103434403 (base 5) to base 3.
120112220102022
-300234505 (base 6) to base 14
-959ad3
-1399318 (base 14) to base 5
-4413422213
6572704 (base 10) to base 5
3140311304
Convert -2122202000 (base 3) to base 14.
-150b9
Convert 2254545 (base 6) to base 3.
12220200202
What is -6456480 (base 9) in base 7?
-41300340
Convert -1023211 (base 6) to base 7.
-265462
12100214 (base 7) to base 5
233411012
15cd3c (base 15) to base 2
100000001110011101110
1587147 (base 9) to base 10
884401
Convert -1215602 (base 8) to base 2.
-1010001101110000010
Convert 2c328 (base 14) to base 2.
11010111100110000
-349969 (base 10) to base 4
-1111130101
c740 (base 16) to base 3
2120222012
What is 527d6 (base 15) in base 16?
3fe13
-1163355 (base 10) to base 8
-4340133
Convert -10db8 (base 14) to base 2.
-1010000010100110
2636a (base 12) to base 16
cc82
What is 2419b8 (base 14) in base 7?
13326421
What is 20222001100011 (base 3) in base 9?
6861304
What is 22110103033 (base 4) in base 10?
2704591
Convert -18338d8 (base 14) to base 10.
-11957366
What is -278b (base 13) in base 9?
-7724
-2121221100021 (base 3) to base 14
-284bc9
What is 141d1b1 (base 14) in base 7?
145630011
Convert 31b7 (base 15) to base 3.
112102201
Convert -21402115 (base 6) to base 16.
-9bc9f
What is -435045 (base 10) in base 2?
-1101010001101100101
Convert 211200321000 (base 4) to base 13.
2064183
Convert 15219 (base 11) to base 12.
10586
Convert 655541 (base 8) to base 10.
220001
What is 332407 (base 8) in base 11?
77069
What is 1651152 (base 7) in base 8?
703015
Convert -327abb (base 14) to base 10.
-1711637
Convert -a016 (base 15) to base 2.
-1000001111101011
Convert -55100230 (base 6) to base 12.
-671676
Convert -20130501 (base 7) to base 10.
-1671342
What is 7902 (base 12) in base 11?
a077
What is -1010132423 (base 5) in base 6?
-111352433
-21220 (base 10) to base 4
-11023210
177dc9b (base 14) to base 6
1052354025
What is -1403002 (base 6) in base 13?
-298c7
What is -100123203 (base 5) in base 2?
-1100000100010100100
-30310351 (base 7) to base 3
-11202012202221
-a2614 (base 16) to base 9
-1223318
What is 315252 (base 9) in base 14?
4c4d4
Convert -2415040 (base 8) to base 6.
-22105012
-6bbc (base 14) to base 10
-18786
What is -45613 (base 11) in base 4?
-100012213
Convert 2001002222 (base 3) to base 10.
40175
Convert -23ee4a (base 15) to base 11.
-a760a2
What is 137313 (base 14) in base 6?
22231113
What is -933b (base 14) in base 6?
-313145
433133012 (base 5) to base 6
103344444
2359108 (base 10) to base 8
10777504
Convert -22809 (base 15) to base 11.
-75557
-bb76 (base 12) to base 2
-101000011001010
Convert 12022112120020 (base 3) to base 5.
1210402121
What is -1030331223 (base 4) in base 5?
-40041433
What is -980707 (base 10) in base 13?
-284500
Convert 7ad90 (base 15) to base 3.
201212121100
-11322000 (base 7) to base 16
-f36ed
Convert -1669314 (base 12) to base 11.
-2675688
What is -3c65b (base 16) in base 8?
-743133
What is -2140652 (base 8) in base 5?
-121330431
What is -1501213 (base 7) in base 2?
-110001010110010111
What is 89819 (base 14) in base 5?
41133430
1212022001210 (base 3) to base 13
288822
12f49a5 (base 16) to base 5
20042020021
Convert -661507 (base 12) to base 7.
-16524430
What is 126840 (base 10) in base 5?
13024330
What is -a37a9 (base 12) in base 11?
-1365a6
Convert -22132231 (base 4) to base 2.
-1010011110101101
95822 (base 10) to base 2
10111011001001110
Convert -24031 (base 15) to base 5.
-12133141
What is -300012 (base 5) in base 2?
-10010010100110
What is 2200010020 (base 4) in base 2?
10100000000100001000
What is -636142 (base 7) in base 13?
-3b1c7
Convert -1948c (base 14) to base 7.
-354435
-1678a29 (base 13) to base 2
-11011101111110101000011
What is -1550211 (base 12) in base 7?
-51560635
-371761 (base 8) to base 9
-214505
112011022022200 (base 3) to base 4
130231021230
-5040b4 (base 12) to base 5
-310014313
What is 1101001011011001 (base 2) in base 12?
272a1
What is -7c0188 (base 13) in base 10?
-2942064
What is 2a9de (base 15) in base 12?
67502
-445633 (base 7) to base 11
-54286
-1005502 (base 7) to base 15
-25691
What is -230400044 (base 6) in base 11?
-242a211
What is -11100100100100011100100 (base 2) in base 8?
-34444344
What is 23737527 (base 8) in base 7?
62265051
-40165004 (base 7) to base 13
-8c6501
Co